 divided by 115?
110
Calculate the remainder when 58 is divided by 22.
14
Calculate the remainder when 1673 is divided by 18.
17
What is the remainder when 725 is divided by 49?
39
Calculate the remainder when 153 is divided by 17.
0
What is the remainder when 65 is divided by 16?
1
What is the remainder when 525 is divided by 134?
123
Calculate the remainder when 543 is divided by 6.
3
What is the remainder when 112 is divided by 99?
13
What is the remainder when 130 is divided by 76?
54
Calculate the remainder when 324 is divided by 113.
98
Calculate the remainder when 102 is divided by 8.
6
Calculate the remainder when 6693 is divided by 72.
69
What is the remainder when 31 is divided by 28?
3
Calculate the remainder when 791 is divided by 112.
7
What is the remainder when 5231 is divided by 48?
47
Calculate the remainder when 7873 is divided by 9.
7
Calculate the remainder when 4418 is divided by 34.
32
What is the remainder when 183 is divided by 179?
4
Calculate the remainder when 713 is divided by 399.
314
What is the remainder when 825 is divided by 12?
9
Calculate the remainder when 1680 is divided by 29.
27
Calculate the remainder when 267 is divided by 27.
24
What is the remainder when 3108 is divided by 18?
12
What is the remainder when 215 is divided by 46?
31
Calculate the remainder when 1201 is divided by 69.
28
What is the remainder when 1260 is divided by 79?
75
What is the remainder when 187 is divided by 21?
19
What is the remainder when 151 is divided by 77?
74
What is the remainder when 10619 is divided by 43?
41
What is the remainder when 2097 is divided by 130?
17
What is the remainder when 194 is divided by 15?
14
Calculate the remainder when 260 is divided by 33.
29
What is the remainder when 1305 is divided by 6?
3
Calculate the remainder when 156 is divided by 18.
12
What is the remainder when 16 is divided by 4?
0
What is the remainder when 310 is divided by 54?
40
What is the remainder when 1002 is divided by 28?
22
What is the remainder when 2247 is divided by 5?
2
What is the remainder when 308 is divided by 26?
22
Calculate the remainder when 381 is divided by 24.
21
What is the remainder when 208 is divided by 71?
66
What is the remainder when 300 is divided by 69?
24
What is the remainder when 1592 is divided by 5?
2
Calculate the remainder when 1891 is divided by 629.
4
What is the remainder when 565 is divided by 57?
52
Calculate the remainder when 445 is divided by 203.
39
Calculate the remainder when 181 is divided by 71.
39
Calculate the remainder when 534 is divided by 256.
22
Calculate the remainder when 6069 is divided by 10.
9
Calculate the remainder when 86 is divided by 28.
2
Calculate the remainder when 4999 is divided by 311.
23
What is the remainder when 613 is divided by 56?
53
What is the remainder when 7466 is divided by 19?
18
What is the remainder when 999 is divided by 9?
0
What is the remainder when 494 is divided by 60?
14
What is the remainder when 320 is divided by 44?
12
Calculate the remainder when 2889 is divided by 10.
9
What is the remainder when 346 is divided by 170?
6
What is the remainder when 570 is divided by 32?
26
Calculate the remainder when 153 is divided by 55.
43
What is the remainder when 503 is divided by 249?
5
What is the remainder when 119 is divided by 94?
25
What is the remainder when 258 is divided by 65?
63
What is the remainder when 128 is divided by 5?
3
What is the remainder when 46 is divided by 12?
10
Calculate the remainder when 1368 is divided by 275.
268
Calculate the remainder when 1860 is divided by 98.
96
What is the remainder when 1063 is divided by 515?
33
Calculate the remainder when 81 is divided by 41.
40
Calculate the remainder when 170 is divided by 22.
16
Calculate the remainder when 9739 is divided by 70.
9
What is the remainder when 225 is divided by 23?
18
What is the remainder when 406 is divided by 12?
10
Calculate the remainder when 4486 is divided by 11.
9
What is the remainder when 486 is divided by 33?
24
What is the remainder when 465 is divided by 9?
6
What is the remainder when 83 is divided by 48?
35
Calculate the remainder when 303 is divided by 11.
6
What is the remainder when 132 is divided by 27?
24
What is the remainder when 188 is divided by 32?
28
What is the remainder when 488 is divided by 128?
104
Calculate the remainder when 346 is divided by 9.
4
What is the remainder when 4871 is divided by 125?
121
Calculate the remainder when 197 is divided by 23.
13
What is the remainder when 237 is divided by 58?
5
Calculate the remainder when 1521 is divided by 1508.
13
What is the remainder when 1191 is divided by 13?
8
What is the remainder when 39 is divided by 27?
12
What is the remainder when 12183 is divided by 51?
45
Calculate the remainder when 1320 is divided by 376.
192
What is the remainder when 884 is divided by 276?
56
Calculate the remainder when 344 is divided by 25.
19
What is the remainder when 4023 is divided by 168?
159
What is the remainder when 125 is divided by 21?
20
What is the remainder when 1511 is divided by 72?
71
What is the remainder when 7545 is divided by 51?
48
Calculate the remainder when 106 is divided by 14.
8
Calculate the remainder when 508 is divided by 28.
4
Calculate the remainder when 286 is divided by 27.
16
What is the remainder when 7220 is divided by 23?
21
Calculate the remainder when 1331 is divided by 18.
17
What is the remainder when 389 is divided by 28?
25
What is the remainder when 85 is divided by 44?
41
Calculate the remainder when 235 is divided by 119.
116
What is the remainder when 206 is divided by 50?
6
Calculate the remainder when 2650 is divided by 166.
160
What is the remainder when 180 is divided by 149?
31
What is the remainder when 7239 is divided by 10?
9
What is the remainder when 198 is divided by 25?
23
Calculate the remainder when 894 is divided by 489.
405
Calculate the remainder when 316 is divided by 149.
18
Calculate the remainder when 4498 is divided by 10.
8
Calculate the remainder when 476 is divided by 2.
0
What is the remainder when 53 is divided by 28?
25
What is the remainder when 368 is divided by 353?
15
Calculate the remainder when 174 is divided by 40.
14
What is the remainder when 678 is divided by 97?
96
Calculate the remainder when 156 is divided by 32.
28
What is the remainder when 547 is divided by 4?
3
What is the remainder when 130 is divided by 35?
25
What is the remainder when 66 is divided by 12?
6
What is the remainder when 935 is divided by 7?
4
What is the remainder when 3596 is divided by 1190?
26
Calculate the remainder when 868 is divided by 58.
56
What is the remainder when 721 is divided by 718?
3
What is the remainder when 748 is divided by 66?
22
Calculate the remainder when 815 is divided by 271.
2
Calculate the remainder when 296 is divided by 29.
6
What is the remainder when 2892 is divided by 962?
6
What is the remainder when 1068 is divided by 21?
18
What is the remainder when 2377 is divided by 338?
11
Calculate the remainder when 1927 is divided by 23.
18
Calculate the remainder when 103 is divided by 2.
1
Calculate the remainder when 1340 is divided by 90.
80
Calculate the remainder when 1945 is divided by 14.
13
Calculate the remainder when 170 is divided by 25.
20
What is the remainder when 361 is divided by 348?
13
What is the remainder when 2250 is divided by 46?
42
Calculate the remainder when 150 is divided by 32.
22
What is the remainder when 261 is divided by 50?
11
Calculate the remainder when 4079 is divided by 48.
47
Calculate the remainder when 941 is divided by 19.
10
Calculate the remainder when 864 is divided by 17.
14
What is the remainder when 462 is divided by 120?
102
What is the remainder when 79 is divided by 27?
25
What is the remainder when 221 is divided by 19?
12
Calculate the remainder when 1260 is divided by 116.
100
Calculate the remainder when 361 is divided by 146.
69
What is the remainder when 50 is divided by 4?
2
Calculate the remainder when 798 is divided by 206.
180
Calculate the remainder when 1398 is divided by 36.
30
What is the remainder when 152 is divided by 41?
29
Calculate the remainder when 241 is divided by 50.
41
Calculate the remainder when 514 is divided by 128.
2
